, -749326 = -5*a + 3*i. Is a a composite number?
False
Suppose 5 = 5*g - k - 16, 3*k - 13 = -4*g. Suppose -g*i + 44000 = -j + 5*j, 4*i = -12. Is j a composite number?
False
Suppose 7*j = -4801 + 580. Is (-69 - (0 - 1))*j/36 a composite number?
True
Suppose -2*b + 71 = 63. Suppose -1092 = 2*i + 2*n, b*i - 2*n = -1319 - 835. Let w = i + 960. Is w composite?
False
Let d be -22 + 0 + (-2 - -3). Let s = 399 + -363. Let f = d + s. Is f prime?
False
Let q(r) = -56518*r - 3579. Is q(-11) a composite number?
False
Let z be (-31 - -30)/(1/(-5)). Suppose 2*j = 7*j + 4*b - 26321, -5*j = -z*b - 26285. Is j a composite number?
False
Suppose 3*s = 3*v - 15, -3*s - 31 = -5*v - 12. Suppose -5*w + 10376 = 3*w. Suppose 3*x - 4*o = w, v*o + 5 = -3*o. Is x prime?
True
Suppose -251162313 = 637*x - 555381343 - 495151633. Is x prime?
True
Let q(s) = 10*s**2 + 6*s + 1. Let v(c) = -8*c - 16. Let o be v(-5). Suppose -5*p - z + 44 = 0, p + 0*z + 4*z - o = 0. Is q(p) a composite number?
True
Let x(z) = 3*z. Let j be x(5). Suppose -2*q = d - j, -4*d + 2*q + 7 = -3. Suppose 5*c + 3*o - 210 = 3*c, -5*o + 535 = d*c. Is c a prime number?
False
Let r(p) be the second derivative of 565*p**4/4 - p**2/2 - 39*p. Is r(2) prime?
True
Let o(v) = 4*v + 39. Let b be o(-9). Suppose -b*j = 5*z - 15069, 3*j - 4497 = -z - 1488. Suppose 0 = 3*a - 4*u + 176 - z, 4*u - 3748 = -4*a. Is a prime?
True
Let f(b) = 58*b**3 - 37*b**2 + 297*b + 29. Is f(13) a prime number?
True
Let b(t) = 25*t**3 + 5*t**2 + 11*t - 67. Is b(8) composite?
True
Let p be ((-6)/(-12))/((-3)/(-246)). Is 1 + 59215/3 - p/123 composite?
False
Let i be 7 - 672 - (-3 + 2 - 1). Let r = 1382 + i. Is r a composite number?
False
Suppose -i = -2 - 4. Suppose 17*k - 18*k - 22 = -4*l, 3*l = 2*k + 24. Suppose -l*g = -i*g + 230. Is g prime?
False
Suppose 0 = 8*m - 0*m + 30728. Let d = m + 5736. Is d composite?
True
Suppose 2*j + 4 = 3*r, -3*j + 2*r + 0*r = -4. Is (-11127 - j)/((5 + -2)/(-3)) a composite number?
False
Suppose 764 = 5*w + 3*o, -w + 2*w - o = 148. Suppose -w = 2*x + 2*y + 47, 0 = -4*x - y - 384. Let a = 107 - x. Is a prime?
False
Suppose 0 = -2*j - 4*i + 28, 4*j - 4*i = -0*j - 4. Let p be ((-6)/10)/(j/(-20)). Suppose -20343 = -p*h - 1926. Is h a composite number?
True
Suppose 3*s = -3*g + 39, 2*g - 5*s = 17 + 9. Suppose g*a - 20*a = -256109. Is a a prime number?
True
Let m(u) = 1554*u + 1. Let l be m(-1). Is (l/(-6))/((-29)/(-174)) a composite number?
False
Suppose 4*k + 2*a - 960354 = 0, -4*a + 414319 = 5*k - 786122. Is k a prime number?
True
Suppose -88223 = -147*m + 79798. Suppose -5 = -5*o, -o - 11 = -4*y - 0*y. Is (84/(-18))/(y - 3435/m) prime?
False
Let y = 283506 - -90055. Is y a prime number?
True
Let b(r) = -r**3 - 11*r**2 - 2*r - 12. Let v = -38 + 27. Let l be b(v). Suppose -4*f = -3*m - 602, 0 = -0*m - 5*m - l. Is f a composite number?
False
Let c = -34 - -64. Suppose -23*a = -c*a + 42. Suppose 0 = -a*q + 4417 + 6749. Is q a prime number?
True
Let c be 16/9 - (-3)/((-81)/(-6)). Suppose c*v - 43 = -37. Is 12/18*v/(-2) - -94 a prime number?
False
Let a(p) = -715*p + 5. Let z be a(-1). Suppose y - z = -44. Suppose -1780 = -8*u + y. Is u composite?
False
Is 11566/10*5 + 3 + -7 a composite number?
False
Let k = 405 + -744. Let h = 370 + k. Is h a prime number?
True
Let b(j) = -1411*j - 46. Let k be b(-10). Let t = 24905 - k. Is t composite?
True
Let f(l) = -2873*l**2 + 2*l + 2. Let d be f(-1). Let u be 3*(1290/(-9) + -2). Let r = u - d. Is r a composite number?
False
Suppose 14*a + 10 = -32. Is 3*573*a/(-18)*2 prime?
False
Let b be 63/12 + (-1)/4. Let f be 3/3 + 4 - (-3821 - -53). Suppose -2*p - 1909 = -2*n + 3*p, -4*n - b*p = -f. Is n a composite number?
False
Suppose -15*d + 30 = -18*d. Let c be (-2)/5 - 29274/d. Is c/2 + (-6)/(-4) composite?
True
Let g = 350711 + -180960. Is g composite?
False
Let z(d) = 5*d**2 - 7*d + 24. Let o be z(10). Suppose -2*g + o + 484 = 0. Is g a composite number?
True
Suppose 9*i - 2*a = -i + 2419150, -2*a - 725745 = -3*i. Is i a prime number?
False
Suppose 0 = -364*f + 432*f - 25666532. Is f composite?
True
Suppose 2*c - 4*k - 4008 = 0, -10050 = -5*c + 3*k + k. Let d = -986 + c. Suppose -d = -3*t - t. Is t composite?
False
Let k(i) = -2*i**3 - 43*i**2 + 22*i + 9. Let w be k(-22). Let y(c) = 252*c - 25. Is y(w) composite?
False
Let s = -64 - -68. Suppose s*p - 7996 = -2136. Is p a prime number?
False
Suppose -3*a + 5 = -2*l, 3*a = 1 + 8. Suppose -5*j = -3*m - 6, -l*m + 0*m + 6 = 0. Suppose j*x - 130 = 305. Is x composite?
True
Let s = -24 + 2832. Let g = 5827 - s. Is g composite?
False
Is (136/272)/(1478919/(-1478922) + 1) prime?
False
Let z(v) = 11*v**3 - 13*v**2 + 24*v + 16. Let y(w) = -24*w**3 + 26*w**2 - 48*w - 31. Let q(c) = -6*y(c) - 13*z(c). Is q(-14) a composite number?
True
Let y be (12/(-8))/(-2*(-1)/(-4)). Suppose -5*v + j = -9468, -4*v - y*j - 567 = -8130. Is v a composite number?
True
Let o(k) = 960*k + 27. Let z be o(4). Let d = z - 224. Is d composite?
False
Suppose -526794 = -37*l + 219182 - 3497. Is l composite?
True
Let r be 6/33 - (-216)/22. Suppose v = 4*u + 18, -3*v - 2*u = -4*v + r. Suppose z - 83 = v*p + 134, 4*z - 838 = -2*p. Is z a prime number?
True
Suppose -2*l = 4*t + 3*l + 3, 0 = 4*t - 2*l - 18. Suppose t*r - 1941 = -p, -2*p - 788 = -r - 141. Is r composite?
False
Let a(r) = 764*r - 261. Is a(25) a composite number?
False
Suppose q - b + 14 = 4*q, 3*q = b + 22. Suppose -a + 210 + 159 = -5*w, 0 = -2*a - 5*w + 768. Suppose a = -5*u + q*u. Is u a composite number?
False
Let p(v) be the third derivative of v**6/60 + v**5/20 + v**4/12 + 5*v**3/6 - 5*v**2. Let n be (2/6)/((-438)/(-108) - 4). Is p(n) prime?
True
Suppose 5*j + 20 = 0, 0 = 4*p - p + 2*j - 27046. Suppose -p + 682 = -4*l. Let s = -1205 + l. Is s prime?
False
Suppose -5*f = v + 7685, 10*v - 3074 = 2*f + 5*v. Let c = 2199 + f. Is c a prime number?
False
Suppose -3*q + 120 + 6990 = 0. Let f = -7263 + 13084. Let i = f + q. Is i prime?
True
Let a(i) = 729*i**3 - 10*i**2 - 33*i - 9. Is a(7) prime?
True
Is 7222*119/7 - 15/(-5) composite?
False
Suppose -r + 32 = 3*r. Is ((-3)/(-48)*r)/(2/1556) composite?
False
Let r(g) = g**2 - 25*g + 119. Let h be r(6). Suppose 5*k - k = h*s - 53565, -5*k = 5*s - 53610. Is s a prime number?
False
Let k(g) = 11*g**3 - 2*g**2 + 5*g - 7. Let u(y) = 21*y**3 - 5*y**2 + 11*y - 15. Let j(v) = 9*k(v) - 4*u(v). Let p(w) = 12*w - 46. Let x be p(4). Is j(x) prime?
True
Let x = 54739 - 17072. Is x prime?
False
Suppose 3*r + 3 = r - c, -3 = -3*r - 4*c. Is ((-24564)/9 - -2)/(2/r) prime?
True
Suppose 3*c - 63392 = 4*i, 0 = -3*c + 4*i - 2*i + 63394. Suppose -19*n - 17*n = -c. Is n composite?
False
Let t(j) = -245*j + 27. Let o = 766 + -804. Is t(o) prime?
True
Let i be (7404/39)/1 - (-4)/26. Suppose 6*t + 4*t - i = 0. Let k(h) = 9*h + 31. Is k(t) composite?
True
Let m(q) = 2*q + 3. Let a = 37 - 41. Let k be m(a). Is (k - -2) + 3 + 15 a composite number?
True
Let o(y) = y**3 + 12*y**2 + 32*y - 1. Let z be o(-4). Is ((-20214)/(-54))/(z/(-6)) a prime number?
False
Let m = -1111827 - -2332856. Is m a prime number?
True
Let d = -206661 + 352192. Is d composite?
False
Let p(s) = 14 + s**2 + 17*s - 25 - 3*s. Let c be p(-15). Suppose -4*r - o + 3744 = 3*o, c*r - 3779 = 3*o. Is r a prime number?
True
Let t(a) = 26*a**2 + 84*a + 108. Let d(y) = -9*y**2 - 28*y - 36. Let r(z) = -7*d(z) - 2*t(z). Is r(17) a prime number?
True
Let k(q) = -450*q + 27. Let w(a) = 452*a - 31. Let p(h) = 4*k(h) + 5*w(h). Is p(3) a prime number?
False
Let a = 5894 + 10595. Is a composite?
True
Suppose k = 4*q - q - 59, -5*k - 3*q = 385. Let p be k + 2 + 0/1. Let a = p + 363. Is a composite?
True
Let f(d) = -278*d**2 + 2*d - 26. Let b be f(-7). Let p = 20945 + b. Is p composite?
False
Suppose -4*g + 3*o = -4, 4 = -g - 0*g + 2*o. Let u(s) = -3*s + 58*s**2 + 21 + 2*s**2 - g + 0*s**2. Is u(5) a prime number?
False
Suppose 0*k - 5*k + 9548 = -s, -47620 = 5*s + 5*k. Let y = -1002 - s. Let j = y - 3487. Is j a prime number?
True
Suppose -4*q - 44543 = 3*g - 347803, 4*g + 75853 = q. Is q a composite number?
False
Let c be (497/142)/(2/8). Let v(f) = -1 - 3 + 5*f + 12 + 3*f**2 + 19. Is v(c) prime?
False
Let g(p) = 2*p + 2. Let z be g(-1). Suppose 5*k + 3*s - 7691 = z, s - 6154 = -4*k - 2*s. Is k composite?
True
Suppose -16639778 = 